-6) - -74. Let j(u) = 2*u**2 + 2*u - 6. Let y be j(-3). Let b be (-4)/y - (-161)/21. Calculate the highest common divisor of b and h.
7
Suppose 0 = -3*g + 5*h + 192, 3*h - 131 = -2*g - 3. Let d be (-9)/((-18)/g)*18/4. Let r = 35 - 19. Calculate the greatest common divisor of r and d.
16
Let r(w) = 4*w - 10. Let z be r(4). Let q be 1/2 + (-3)/z. Let o be -1 + 7 - (q - -2). What is the greatest common divisor of o and 8?
4
Let i(u) = u**3 - 11*u**2 - 32*u - 79. Let b be i(15). What is the highest common factor of b and 407?
11
Let x = -7606 + 10084. What is the greatest common factor of x and 56?
14
Let h be (((-18)/(-5))/2)/((-27)/(-6345)). Let u = 450 - h. What is the greatest common factor of 351 and u?
27
Suppose 2*v - 5*b - 10 = -2*v, 5*v - 31 = -3*b. Suppose 7*k = 6*k - 2, -3*u = -v*k - 46. What is the highest common divisor of 108 and u?
12
Suppose -7 = -4*y + 1. Suppose -5*z - a = -0 + 5, -4*z = -4*a - 20. Suppose -9*f + 20*f - 44 = z. What is the greatest common divisor of f and y?
2
Let r(h) = 2*h**3 + 73*h**2 - 1618*h - 24. Let c be r(-52). Let v be (-74)/(-4) - 2/4. Calculate the greatest common factor of v and c.
18
Suppose -4*d + 5*p + 167 = 0, -13 = -d + 4*p + 37. Suppose -35*s = -d*s + 57. Calculate the greatest common divisor of s and 152.
19
Let d(f) = -9*f - 33. Suppose -250*s = -254*s - 16. Let o be d(s). Calculate the greatest common factor of o and 6.
3
Let r = -56 - -94. Let d = 1093 + -675. Calculate the greatest common divisor of d and r.
38
Let y = 10 + 382. Let g = 407 - y. Calculate the greatest common divisor of g and 5.
5
Let q(s) = -6*s**3 - 15*s**2 + 23*s - 182. Let j be q(-14). Calculate the greatest common factor of j and 30.
30
Let t = 60 + 46. Suppose 3*h - t = w, -3*w + 8*w + 20 = 0. Calculate the highest common divisor of 2 and h.
2
Let k = -4777 - -7335. Let f be (-5 + k)*(-4)/(-12). What is the highest common divisor of 23 and f?
23
Let r be (177/9)/(153/60129). What is the highest common factor of r and 59?
59
Suppose 3*f - u - 9 = -26, 2*u - 10 = 2*f. Let r be (f/(-2))/((-189)/28 + 7). What is the greatest common divisor of r and 9?
3
Suppose i - 4*q - 317 = 0, 3*i + 557*q - 1005 = 560*q. Calculate the highest common factor of 220 and i.
11
Suppose -5*q + 4*q - 8 = 0. Let b = q - -27. Let u(o) = -4*o + 19. Let j be u(-19). Calculate the greatest common divisor of j and b.
19
Let c(n) = -n**3 + 10*n**2 - 12*n - 5. Let j be c(8). Suppose 3*z = w - j, 5*w - 5*z - 37 = 4*w. Calculate the highest common divisor of 192 and w.
12
Suppose -3*w + 2343 = 9*p, -21*p - w = -17*p - 1041. Suppose b = -4*m + 88, -2*b - 3*m + 168 = m. What is the greatest common factor of b and p?
20
Let z = 9948 + -9864. Calculate the highest common divisor of 3164 and z.
28
Let u = -65 + 55. Let w(s) = s**3 + 8*s**2 - 31*s - 82. Let x be w(u). What is the highest common factor of 64 and x?
4
Let n(w) = 4*w**2 - 5*w - 20. Let h(f) = f**3 - 4*f**2 + 2*f - 37. Let g be h(5). Let u be n(g). What is the highest common divisor of u and 12?
6
Let d(k) = -7607*k**2 - 2*k. Let s be d(-1). Let v be 2/11 - 6/(594/s). Let m be 14*4/16*2. What is the greatest common factor of v and m?
7
Suppose n + 5*k + 25 = -0*k, 4*n - k = -37. Let u = -26 + n. Let z be (-39)/(-4) + (-9)/u. Calculate the highest common divisor of 130 and z.
10
Suppose -6*q - 749 + 2195 = 0. Suppose -4*g - 5*u = -235, -q = 3*g - 7*g + u. What is the greatest common factor of g and 40?
20
Suppose -10*k = -8*k - 40. Let n be -4 + (12 - 9/3) + 1. Let o be 9 - (-1)/2*n. Calculate the greatest common factor of o and k.
4
Let q be (-2*5/(-20))/((-2)/(-2040)). Suppose q + 210 = 10*u. Calculate the greatest common divisor of u and 72.
72
Let p = 13296 - 13216. Suppose -2*r - 4 = 0, v + 2 = -4*r + 3*r. Suppose k - 4*k + 30 = v. What is the greatest common divisor of p and k?
10
Suppose 38*i = 41*i + 12. Let w(n) = -2*n**3 - 5*n**2 - 12*n - 8. Let t be w(i). Let h be 94/12 - (-14)/84. What is the highest common divisor of h and t?
8
Suppose -5*s = -32*s + 78 + 111. Suppose -5*b + 429 + 1216 = 0. Calculate the highest common factor of s and b.
7
Let a(b) = 4*b**2 - 79*b - 1432. Let o be a(-20). Calculate the highest common divisor of o and 46.
46
Let c be (-308 - 1) + (-6 - -4). Let h = c + 466. Suppose -31 = -2*s + s. Calculate the greatest common divisor of h and s.
31
Suppose 9*y - 4*y + 3*q = 635, -y - 3*q + 115 = 0. Suppose 55 = x - 9. Let o = 77 - x. Calculate the highest common divisor of o and y.
13
Let z(r) = -r**3 - 4*r**2 - r - 2. Let p be z(-4). Let y(l) = 100*l. Let w be y(p). What is the greatest common divisor of w and 150?
50
Let u be 51/1*6/18. Calculate the greatest common divisor of u and 3570.
17
Let y(z) = 27*z**2 + 30*z - 2. Let g(t) = t**3 + 37*t**2 + 34*t - 76. Let s be g(-36). Let c be y(s). What is the highest common divisor of 62 and c?
62
Let h = 5120 - 5062. Calculate the greatest common factor of 986 and h.
58
Let b be 8/((-8)/(-21))*(-6)/(-7). Suppose -2*x = -b*x + 1200. What is the highest common factor of 60 and x?
15
Let d(x) = -27*x - 25. Let j be d(-7). Let l be 11/(-3 + 26 + -12). What is the greatest common divisor of j and l?
1
Let o be (-24)/(-12) + (488/24)/(1/9). What is the highest common factor of o and 407?
37
Let k be ((-352)/3)/(((-8200)/330)/(-5) + -5). Calculate the highest common divisor of 32 and k.
32
Let j(u) = 6*u**2 - 11*u. Let l(o) = -102*o**3. Let s be l(-1). Let b = s + -100. Let c be j(b). Calculate the greatest common factor of c and 18.
2
Suppose 4*c + 3333 = 5*q, -3*q = 7*c - 4*c - 1989. Suppose -3*h + 635 = 12*a - 14*a, 4*a - q = -3*h. Calculate the highest common factor of 43 and h.
43
Let l(n) be the first derivative of 10*n**3/3 + 5*n**2/2 + 85*n - 133. Let m be l(-9). What is the greatest common factor of m and 50?
50
Let l be 6912/12 - (-2 + -1). Let p = 970 - l. Calculate the highest common factor of 34 and p.
17
Suppose 4*d + 4*r - 32 = 0, 3*d = -2*r - 69 + 101. Calculate the greatest common divisor of 28 and d.
4
Let d be 28 + (-1 + 3)*-1. Let z(v) = 17*v + 3. Let a be z(0). Suppose a*b - m = 83, -m + 2*m - 125 = -5*b. Calculate the highest common divisor of b and d.
26
Suppose -3*r = -0*r - 312. Suppose -104 = -2*q + r. Let b = 1535691 + -1535683. Calculate the greatest common divisor of q and b.
8
Let x(y) = -y**3 - y**2 + 6*y + 5. Let z be x(-5). Suppose -10*j + 5*a + 40 + 20 = 0, j + 48 = 5*a. Calculate the greatest common factor of z and j.
3
Let y = -3494 - -3554. What is the greatest common factor of 810 and y?
30
Let d(y) = 2*y**2 + 21*y + 55. Let b be d(-4). Let q(i) = -15*i + 6. Let c be q(4). Let p = b - c. What is the highest common divisor of p and 38?
19
Suppose 36*r - 363 - 340 = -127. Suppose z - 194 = -66. Calculate the highest common factor of z and r.
16
Let q(r) be the first derivative of 187*r**3/3 - 9*r**2/2 + 2*r - 41. Let c be q(1). What is the highest common divisor of c and 225?
45
Let k = 225 - 193. Suppose -65*c + 67*c - k = 0. Let h = -78 - -110. Calculate the highest common factor of h and c.
16
Let s(v) = 234*v + 143. Let p be s(0). What is the greatest common factor of 341 and p?
11
Let b(i) = 44*i + 47. Let q be b(1). Calculate the greatest common divisor of q and 2457.
91
Let o = -268 + 269. Let d(r) = 36*r**2 - 2*r. Let b be d(o). Calculate the greatest common divisor of b and 170.
34
Let v = -546 + 846. Suppose 0 = -16*x + 14*x + v. Calculate the highest common factor of 120 and x.
30
Suppose -7*f - 399 = -8*f + 3*h, 1167 = 3*f - 3*h. Let w = -327 + f. Calculate the highest common factor of w and 6.
3
Suppose 6*n + 539 = -247. Let o = 173 + n. What is the greatest common factor of 12 and o?
6
Let b = -23230 + 25718. What is the highest common divisor of 12 and b?
4
Suppose -117 = 4*i - 7*i. Suppose 7325 = -33*x + 9041. What is the greatest common divisor of x and i?
13
Let x be 4 + -3 + 82 + 1. Suppose 0 = 3*i + 1002 + 1266. Let y be ((-1)/(-3))/((-21 + 9)/i). Calculate the greatest common factor of y and x.
21
Suppose 4*g + d = 141, 2*g - 14 = 5*d + 29. Let q = 130 + 40. Calculate the highest common factor of g and q.
34
Suppose 41*d - 37*d + 60 = n, -4*d = -2*n + 140. Let q be -3 - -5 - (1 + -4). Calculate the greatest common factor of q and n.
5
Let p(t) = -t**3 - 2*t**2 - t - 